e prime factors of 2253?
3, 751
List the prime factors of 3074.
2, 29, 53
What are the prime factors of 1234?
2, 617
List the prime factors of 1270.
2, 5, 127
List the prime factors of 9842.
2, 7, 19, 37
What are the prime factors of 4601?
43, 107
What are the prime factors of 4002?
2, 3, 23, 29
List the prime factors of 312.
2, 3, 13
List the prime factors of 27798.
2, 3, 41, 113
What are the prime factors of 4543?
7, 11, 59
What are the prime factors of 828?
2, 3, 23
List the prime factors of 717.
3, 239
What are the prime factors of 1021?
1021
List the prime factors of 1359.
3, 151
List the prime factors of 9024.
2, 3, 47
List the prime factors of 1095.
3, 5, 73
What are the prime factors of 297?
3, 11
List the prime factors of 79230.
2, 3, 5, 19, 139
List the prime factors of 1184.
2, 37
List the prime factors of 3683.
29, 127
List the prime factors of 440.
2, 5, 11
What are the prime factors of 8474?
2, 19, 223
List the prime factors of 184.
2, 23
What are the prime factors of 5675?
5, 227
What are the prime factors of 5735?
5, 31, 37
List the prime factors of 2471.
7, 353
List the prime factors of 32903.
13, 2531
List the prime factors of 3772.
2, 23, 41
List the prime factors of 78422.
2, 113, 347
List the prime factors of 21479.
47, 457
List the prime factors of 20127.
3, 6709
What are the prime factors of 28?
2, 7
List the prime factors of 365.
5, 73
What are the prime factors of 22341?
3, 11, 677
List the prime factors of 1065.
3, 5, 71
List the prime factors of 780.
2, 3, 5, 13
What are the prime factors of 7033?
13, 541
What are the prime factors of 383?
383
What are the prime factors of 4249?
7, 607
List the prime factors of 8578.
2, 4289
What are the prime factors of 8365?
5, 7, 239
What are the prime factors of 3858?
2, 3, 643
List the prime factors of 2435.
5, 487
List the prime factors of 45250.
2, 5, 181
What are the prime factors of 5810?
2, 5, 7, 83
List the prime factors of 548.
2, 137
What are the prime factors of 4918?
2, 2459
What are the prime factors of 517?
11, 47
What are the prime factors of 1355?
5, 271
List the prime factors of 72439.
107, 677
List the prime factors of 9841.
13, 757
List the prime factors of 117284.
2, 109, 269
List the prime factors of 2300.
2, 5, 23
What are the prime factors of 8038?
2, 4019
What are the prime factors of 1537?
29, 53
What are the prime factors of 15305?
5, 3061
What are the prime factors of 6430?
2, 5, 643
What are the prime factors of 7182?
2, 3, 7, 19
What are the prime factors of 277?
277
List the prime factors of 28569.
3, 89, 107
What are the prime factors of 32142?
2, 3, 11, 487
What are the prime factors of 981?
3, 109
List the prime factors of 25851.
3, 7, 1231
What are the prime factors of 6196?
2, 1549
List the prime factors of 3010.
2, 5, 7, 43
List the prime factors of 880.
2, 5, 11
What are the prime factors of 8924?
2, 23, 97
What are the prime factors of 47717?
47717
List the prime factors of 3834.
2, 3, 71
What are the prime factors of 760?
2, 5, 19
List the prime factors of 99002.
2, 59, 839
List the prime factors of 11154.
2, 3, 11, 13
List the prime factors of 721.
7, 103
List the prime factors of 12422.
2, 6211
List the prime factors of 1140.
2, 3, 5, 19
List the prime factors of 32486.
2, 37, 439
List the prime factors of 17454.
2, 3, 2909
What are the prime factors of 3323?
3323
What are the prime factors of 31224?
2, 3, 1301
What are the prime factors of 1045?
5, 11, 19
What are the prime factors of 655?
5, 131
What are the prime factors of 9393?
3, 31, 101
List the prime factors of 796.
2, 199
What are the prime factors of 208?
2, 13
What are the prime factors of 55642?
2, 43, 647
List the prime factors of 2004.
2, 3, 167
What are the prime factors of 25398?
2, 3, 17, 83
List the prime factors of 4710.
2, 3, 5, 157
List the prime factors of 984.
2, 3, 41
List the prime factors of 22571.
22571
What are the prime factors of 2568?
2, 3, 107
What are the prime factors of 42266?
2, 7, 3019
What are the prime factors of 20055?
3, 5, 7, 191
What are the prime factors of 2668?
2, 23, 29
What are the prime factors of 849?
3, 283
What are the prime factors of 9947?
7, 29
What are the prime factors of 39171?
3, 11, 1187
What are the prime factors of 8393?
7, 11, 109
What are the prime factors of 5715?
3, 5, 127
What are the prime factors of 964?
2, 241
What are the prime factors of 17389?
17389
What are the prime factors of 2451?
3, 19, 43
List the prime factors of 35385.
3, 5, 7, 337
What are the prime factors of 12568?
2, 1571
List the prime factors of 282.
2, 3, 47
What are the prime factors of 90515?
5, 43, 421
What are the prime factors of 594?
2, 3, 11
What are the prime factors of 272?
2, 17
List the prime factors of 76313.
17, 67
What are the prime factors of 33684?
2, 3, 7, 401
List the prime factors of 50964.
2, 3, 31, 137
List the prime factors of 1074.
2, 3, 179
List the prime factors of 2118.
2, 3, 353
What are the prime factors of 1412?
2, 353
List the prime factors of 17771.
13, 1367
What are the prime factors of 82680?
2, 3, 5, 13, 53
What are the prime factors of 1462?
2, 17, 43
List the prime factors of 10885.
5, 7, 311
List the prime factors of 2120.
2, 5, 53
List the prime factors of 77677.
173, 449
List the prime factors of 5027.
11, 457
What are the prime factors of 108330?
2, 3, 5, 23, 157
List the prime factors of 1578.
2, 3, 263
List the prime factors of 1283.
1283
List the prime factors of 111054.
2, 3, 83, 223
List the prime factors of 12215.
5, 7, 349
List the prime factors of 111657.
3, 7, 13, 409
List the prime factors of 3456.
2, 3
What are the prime factors of 8804?
2, 31, 71
List the prime factors of 86084.
2, 21521
List the prime factors of 2438.
2, 23, 53
List the prime factors of 79200.
2, 3, 5, 11
List the prime factors of 118.
2, 59
What are the prime factors of 549?
3, 61
List the prime factors of 135588.
2, 3, 11299
What are the prime factors of 96?
2, 3
List the prime factors of 26503.
17, 1559
What are the prime factors of 136465?
5, 7, 557
What are the prime factors of 16789?
103, 163
List the prime factors of 1712.
2, 107
List the prime factors of 18846.
2, 3, 349
What are the prime factors of 8795?
5, 1759
List the prime factors of 1117.
1117
List the prime factors of 158690.
2, 5, 7, 2267
List the prime factors of 32491.
32491
What are the prime factors of 965?
5, 193
List the prime factors of 5305.
5, 1061
What are the prime factors of 38494?
2, 19, 1013
List the prime factors of 4260.
2, 3, 5, 71
List the prime factors of 57259.
57259
List the prime factors of 9794.
2, 59, 83
List the prime factors of 206.
2, 103
What are the prime factors of 1579?
1579
List the prime factors of 5860.
2, 5, 293
List the prime factors of 121185.
3, 5, 2693
List the prime factors of 230.
2, 5, 23
What are the prime factors of 108981?
3, 12109
What are the prime factors of 9055?
5, 1811
List the prime factors of 2998.
2, 1499
What are the prime factors of 1931?
1931
List the prime factors of 26838.
2, 3, 7, 71
List the prime factors of 14877.
3, 19, 29
What are the prime factors of 3068?
2, 13, 59
What are the prime factors of 13634?
2, 17, 401
List the prime factors of 772.
2, 193
What are the prime factors of 15023?
83, 181
List the prime factors of 2.
2
What are the prime factors of 18049?
18049
List the prime factors of 64.
2
What are the prime factors of 10226?
2, 5113
What are the prime factors of 8248?
2, 1031
List the prime factors of 1406.
2, 19, 37
List the prime factors of 1720.
2, 5, 43
What are the prime factors of 33924?
2, 3, 11, 257
What are the prime factors of 5906?
2, 2953
List the prime factors of 46212.
2, 3, 3851
List the prime factors of 4187.
53, 79
List the prime factors of 25741.
25741
What are the prime factors of 3568?
2, 223
What are the prime factors of 5462?
2, 2731
List the prime factors of 1913.
1913
List the prime factors of 24259.
17, 1427
List the prime factors of 19637.
73, 269
List the prime factors of 8677.
8677
List the prime factors of 2099.
2099
List the prime factors of 4233.
3, 17, 83
What are the prime factors of 61388?
2, 103, 149
What are the prime factors of 48387?
3, 127
What are the prime factors of 3221?
3221
List the prime factors of 27565.
5, 37, 149
What are the prime factors of